{"id":676,"date":"2022-12-06T19:43:44","date_gmt":"2022-12-06T19:43:44","guid":{"rendered":"https:\/\/demo8.thuythu.com\/santex\/?post_type=product&#038;p=676"},"modified":"2022-12-22T04:31:22","modified_gmt":"2022-12-22T04:31:22","slug":"cong-tac-chong-chay-no-atx","status":"publish","type":"product","link":"https:\/\/demo8.thuythu.com\/santex\/product\/cong-tac-chong-chay-no-atx\/","title":{"rendered":"C\u00f4ng t\u1eafc ch\u1ed1ng ch\u00e1y n\u1ed5 h\u00e3ng ATX"},"content":{"rendered":"<p><strong><span style=\"color: #000000;\">T\u00cdNH N\u0102NG C\u00d4NG T\u1eaeC CH\u1ed0NG CH\u00c1Y N\u1ed4 H\u00c3NG ATX CBU-SWU-RCU SERIES<br \/>\n<img loading=\"lazy\" decoding=\"async\" class=\"size-medium wp-image-817 aligncenter\" src=\"https:\/\/demo8.thuythu.com\/santex\/wp-content\/uploads\/2022\/12\/cong_tac_chong_chay_no_appleton_atx-1-224x300.jpg\" alt=\"\" width=\"224\" height=\"300\" srcset=\"https:\/\/demo8.thuythu.com\/santex\/wp-content\/uploads\/2022\/12\/cong_tac_chong_chay_no_appleton_atx-1-224x300.jpg 224w, https:\/\/demo8.thuythu.com\/santex\/wp-content\/uploads\/2022\/12\/cong_tac_chong_chay_no_appleton_atx-1-600x803.jpg 600w, https:\/\/demo8.thuythu.com\/santex\/wp-content\/uploads\/2022\/12\/cong_tac_chong_chay_no_appleton_atx-1.jpg 702w\" sizes=\"(max-width: 224px) 100vw, 224px\" \/> <\/span><\/strong><br \/>\n<span style=\"color: #000000;\">L\u00ean \u0111\u1ebfn 40 A cho c\u00e1c phi\u00ean b\u1ea3n c\u1ea7u dao 2 c\u1ef1c.<\/span><br \/>\n<span style=\"color: #000000;\">L\u00ean \u0111\u1ebfn 63 A cho 2 c\u1ef1c v\u1edbi phi\u00ean b\u1ea3n c\u1ea7u dao GFI, 3 c\u1ef1c v\u00e0 4 c\u1ef1c.<\/span><br \/>\n<span style=\"color: #000000;\">L\u00ean \u0111\u1ebfn 63 A cho c\u00e1c phi\u00ean b\u1ea3n chuy\u1ec3n \u0111\u1ed5i.<\/span><br \/>\n<span style=\"color: #000000;\">C\u00f4ng su\u1ea5t ng\u1eaft 10 kA &#8211; 400 V theo ti\u00eau chu\u1ea9n EN \/ IEC 60947-2.<\/span><br \/>\n<span style=\"color: #000000;\">C\u00f4ng su\u1ea5t ng\u1eaft 6 kA-400 V theo ti\u00eau chu\u1ea9n EN \/ IEC 60898.<\/span><br \/>\n<span style=\"color: #000000;\">\u0110\u01b0\u1ee3c cung c\u1ea5p v\u1edbi tay c\u1ea7m \u0111i\u1ec1u khi\u1ec3n xoay ph\u00eda tr\u01b0\u1edbc c\u00f3 th\u1ec3 kh\u00f3a \u1edf v\u1ecb tr\u00ed T\u1eaeT.<\/span><br \/>\n<span style=\"color: #000000;\">Terminal: 1 x 25 mm2 (0,002 x0,039 in2).<\/span><br \/>\n<span style=\"color: #000000;\">G\u1eafn b\u1eb1ng polyester (d\u00f2ng ECEP) ho\u1eb7c b\u1eb1ng th\u00e9p kh\u00f4ng g\u1ec9 316L (d\u00f2ng ECES). C\u00f3 th\u1ec3 \u0111\u01b0\u1ee3c c\u1ed1 \u0111\u1ecbnh tr\u00ean c\u1eeda ho\u1eb7c \u1edf ph\u00eda sau c\u1ee7a bao v\u00e2y.<\/span><br \/>\n<strong><span style=\"color: #000000;\">TI\u00caU CHU\u1ea8N V\u1eacT LI\u1ec6U C\u00d4NG T\u1eaeC CH\u1ed0NG CH\u00c1Y N\u1ed4 H\u00c3NG ATX CBU-SWU-RCU SERIES <\/span><\/strong><br \/>\n<span style=\"color: #000000;\">V\u1ecf: polyamide.<\/span><br \/>\n<strong><span style=\"color: #000000;\">ATEX\/IECEx CERTIFICATIONS &amp; COMPLIANCES<\/span><\/strong><br \/>\n<span style=\"color: #000000;\">Certification Type IT40U (2-pole versions)<\/span><br \/>\n<span style=\"color: #000000;\">\u2014 Gas, Zones 1 and 2 (Authorized to be used in an approved dustproof enclosure)<\/span><br \/>\n<span style=\"color: #000000;\">\u2014 Conforming to ATEX 94\/9\/CE: II 2 G<\/span><br \/>\n<span style=\"color: #000000;\">\u2014 Type of Protection: Ex de IIC<\/span><br \/>\n<span style=\"color: #000000;\">\u2014 Service Temperature: -20 \u00b0C to +55 \u00b0C (-4 \u00b0F to +131 \u00b0F)<\/span><br \/>\n<span style=\"color: #000000;\">\u2014 CE Declaration of Conformity: 5C216<\/span><br \/>\n<span style=\"color: #000000;\">\u2014 ATEX Certificate: LCIE 02 ATEX 0035U<\/span><br \/>\n<span style=\"color: #000000;\">\u2014 IECEx Certificate: IECEx LCI 04.0033U<\/span><br \/>\n<span style=\"color: #000000;\">Certification Type CBU (2-pole GFI, 3-pole and 4-pole versions)<\/span><br \/>\n<span style=\"color: #000000;\">\u2014 Gas, Zones 1 and 2 (Authorized to be used in an approved dustproof enclosure)<\/span><br \/>\n<span style=\"color: #000000;\">\u2014 Conforming to ATEX 94\/9\/CE: II 2 G<\/span><br \/>\n<span style=\"color: #000000;\">\u2014 Type of Protection: Ex de IIC<\/span><br \/>\n<span style=\"color: #000000;\">\u2014 Service Temperature: -20 \u00b0C to +55 \u00b0C (-4 \u00b0F to +131 \u00b0F)<\/span><br \/>\n<span style=\"color: #000000;\">\u2014 CE Declaration of Conformity: 5C244<\/span><br \/>\n<span style=\"color: #000000;\">\u2014 ATEX Certificate: LCIE 09 ATEX 3068U<\/span><br \/>\n<span style=\"color: #000000;\">\u2014 IECEx Certificate: IECEx LCI 09.0023L<\/span><br \/>\n<strong><span style=\"color: #000000;\">EURASEC CERTIFICATION<\/span><\/strong><br \/>\n<span style=\"color: #000000;\">Certification Type IT40U (2-pole versions)<\/span><br \/>\n<span style=\"color: #000000;\">\u2014 EURASEC N\u00b0 TC RU C-FR.\u0413\u041105.B.00909<\/span><br \/>\n<span style=\"color: #000000;\">Certification Type CBU (2-pole GFI, 3 and 4-pole versions)<\/span><br \/>\n<span style=\"color: #000000;\">\u2014 EURASEC N\u00b0 TC RU C-FR.\u0413\u041105.B.00909 <\/span><br \/>\n<strong><span style=\"color: #000000;\">OTHER CERTIFICATION<\/span><\/strong><br \/>\n<span style=\"color: #000000;\">Certification Type IT40U (2-pole versions)<\/span><br \/>\n<span style=\"color: #000000;\">\u2014 INMETRO Certificate: BVC 11.0594-U<\/span><br \/>\n<span style=\"color: #000000;\">Certification Type CBU (2-pole GFI, 3 and 4-pole versions)<\/span><br \/>\n<span style=\"color: #000000;\">\u2014 INMETRO Certificate: BVC 10.0011-U<br \/>\n<strong>QUY C\u00c1CH C\u00d4NG T\u1eaeC CH\u1ed0NG CH\u00c1Y N\u1ed4 H\u00c3NG ATX CBU-SWU-RCU SERIES<br \/>\n<img loading=\"lazy\" decoding=\"async\" class=\"alignnone size-large wp-image-819\" src=\"https:\/\/demo8.thuythu.com\/santex\/wp-content\/uploads\/2022\/12\/quy_cach_cong_tac_chong_chay_no_appleton_atx-1001x1024.jpg\" alt=\"\" width=\"847\" height=\"866\" srcset=\"https:\/\/demo8.thuythu.com\/santex\/wp-content\/uploads\/2022\/12\/quy_cach_cong_tac_chong_chay_no_appleton_atx-1001x1024.jpg 1001w, https:\/\/demo8.thuythu.com\/santex\/wp-content\/uploads\/2022\/12\/quy_cach_cong_tac_chong_chay_no_appleton_atx-293x300.jpg 293w, https:\/\/demo8.thuythu.com\/santex\/wp-content\/uploads\/2022\/12\/quy_cach_cong_tac_chong_chay_no_appleton_atx-768x786.jpg 768w, https:\/\/demo8.thuythu.com\/santex\/wp-content\/uploads\/2022\/12\/quy_cach_cong_tac_chong_chay_no_appleton_atx-1502x1536.jpg 1502w, https:\/\/demo8.thuythu.com\/santex\/wp-content\/uploads\/2022\/12\/quy_cach_cong_tac_chong_chay_no_appleton_atx-770x788.jpg 770w, https:\/\/demo8.thuythu.com\/santex\/wp-content\/uploads\/2022\/12\/quy_cach_cong_tac_chong_chay_no_appleton_atx-600x614.jpg 600w, https:\/\/demo8.thuythu.com\/santex\/wp-content\/uploads\/2022\/12\/quy_cach_cong_tac_chong_chay_no_appleton_atx.jpg 1528w\" sizes=\"(max-width: 847px) 100vw, 847px\" \/><\/strong><br \/>\n\u0110\u1ec3 bi\u1ebft r\u00f5 h\u01a1n ho\u1eb7c c\u1ea7n <a href=\"http:\/\/makgil.com\/products\/alloy-industry-co-ltd-have-grown-and-prospered-alongside-thailand-s-expeditious-industrial-expansion-for-more-than-40-years-alloy-industry-co-ltd-initially-manufactured-the-lighting-fixtures-junction-boxes-and-co\">t\u01b0 v\u1ea5n v\u1ec1 thi\u1ebft b\u1ecb \u0111i\u1ec7n &amp; ph\u1ee5 ki\u1ec7n ch\u1ed1ng ch\u00e1y n\u1ed5 h\u00e3ng ATX\/France<\/a>, Qu\u00fd kh\u00e1ch h\u00e0ng vui l\u00f2ng li\u00ean h\u1ec7 theo th\u00f4ng tin d\u01b0\u1edbi \u0111\u00e2y:<br \/>\n<\/span><span style=\"text-decoration: underline;\"><span style=\"color: #3366ff; text-decoration: underline;\">C\u00d4NG TY TNHH SANTEX<\/span><\/span><span style=\"color: #000000;\"><br \/>\n\u0110\u1ecba ch\u1ec9: 18\/21 Nguy\u1ec5n V\u0103n Dung, P.6, Q. G\u00f2 V\u1ea5p, TP. H\u1ed3 Ch\u00ed Minh<br \/>\n\u0110i\u1ec7n tho\u1ea1i: 02866857882 Website: <a href=\"http:\/\/santex.com.vn\/\">http:\/\/santex.com.vn\/<\/a>Email:\u00a0<a href=\"http:\/\/info@santex.com\">info@santex.com.vn<\/a><br \/>\n<\/span><\/p>\n","protected":false},"excerpt":{"rendered":"<p><span style=\"color: #000000;\">H\u1eefu \u00edch trong vi\u1ec7c b\u1ea3o v\u1ec7 ng\u1eaft m\u1ea1ch d\u1ef1 ph\u00f2ng ho\u1eb7c b\u1ea3o v\u1ec7 ng\u1eaft m\u1ea1ch ch\u00ednh cho c\u00e1c khu v\u1ef1c nguy hi\u1ec3m.<\/span><br \/>\n<span style=\"color: #000000;\">\u0110\u01b0\u1ee3c l\u1eafp b\u00ean trong v\u1ecf h\u1ed9p Ex e mang l\u1ea1i an to\u00e0n h\u01a1n.<\/span><\/p>\n","protected":false},"featured_media":825,"comment_status":"open","ping_status":"closed","template":"","meta":[],"product_cat":[68],"product_tag":[],"acf":[],"_links":{"self":[{"href":"https:\/\/demo8.thuythu.com\/santex\/wp-json\/wp\/v2\/product\/676"}],"collection":[{"href":"https:\/\/demo8.thuythu.com\/santex\/wp-json\/wp\/v2\/product"}],"about":[{"href":"https:\/\/demo8.thuythu.com\/santex\/wp-json\/wp\/v2\/types\/product"}],"replies":[{"embeddable":true,"href":"https:\/\/demo8.thuythu.com\/santex\/wp-json\/wp\/v2\/comments?post=676"}],"wp:featuredmedia":[{"embeddable":true,"href":"https:\/\/demo8.thuythu.com\/santex\/wp-json\/wp\/v2\/media\/825"}],"wp:attachment":[{"href":"https:\/\/demo8.thuythu.com\/santex\/wp-json\/wp\/v2\/media?parent=676"}],"wp:term":[{"taxonomy":"product_cat","embeddable":true,"href":"https:\/\/demo8.thuythu.com\/santex\/wp-json\/wp\/v2\/product_cat?post=676"},{"taxonomy":"product_tag","embeddable":true,"href":"https:\/\/demo8.thuythu.com\/santex\/wp-json\/wp\/v2\/product_tag?post=676"}],"curies":[{"name":"wp","href":"https:\/\/api.w.org\/{rel}","templated":true}]}}