{"id":939,"date":"2022-12-22T14:10:19","date_gmt":"2022-12-22T14:10:19","guid":{"rendered":"https:\/\/demo8.thuythu.com\/santex\/?post_type=product&#038;p=939"},"modified":"2022-12-22T14:10:19","modified_gmt":"2022-12-22T14:10:19","slug":"den-canh-bao-chong-chay-no","status":"publish","type":"product","link":"https:\/\/demo8.thuythu.com\/santex\/product\/den-canh-bao-chong-chay-no\/","title":{"rendered":"DLF1-BN, DLF1-OB, DLF1-WN series \u2013 \u0110\u00e8n c\u1ea3nh b\u00e1o ch\u1ed1ng ch\u00e1y n\u1ed5 (Explosion Proof Warning Light)"},"content":{"rendered":"<p><a href=\"http:\/\/makgil.com\/\"><b>C\u00d4NG<\/b><\/a><b> TY TNHH SANTEX<\/b><b>\u00a0<\/b><span style=\"font-weight: 400;\">t\u1ef1 h\u00e0o l\u00e0 nh\u00e0 ph\u00e2n ph\u1ed1i \u1ee7y quy\u1ec1n c\u00e1c s\u1ea3n ph\u1ea9m c\u1ee7a h\u00e3ng Alloy\/Thailand t\u1ea1i Vi\u1ec7t Nam v\u1ec1 thi\u1ebft b\u1ecb \u0111i\u1ec7n &amp; ph\u1ee5 ki\u1ec7n ch\u1ed1ng ch\u00e1y n\u1ed5, trong \u0111\u00f3 c\u00f3 \u0110\u00e8n c\u1ea3nh b\u00e1o ch\u1ed1ng ch\u00e1y n\u1ed5 (Explosion Proof Warning Light).<\/span><\/p>\n<p><span style=\"font-weight: 400;\">V\u1eady \u0110\u00e8n c\u1ea3nh b\u00e1o ch\u1ed1ng ch\u00e1y n\u1ed5 l\u00e0 g\u00ec? D\u01b0\u1edbi \u0111\u00e2y th\u1ec3 hi\u1ec7n c\u00e1c th\u00f4ng s\u1ed1 k\u1ef9 thu\u1eadt &amp; th\u00f4ng tin c\u1ea7n thi\u1ebft c\u1ee7a \u0110\u00e8n c\u1ea3nh b\u00e1o ch\u1ed1ng ch\u00e1y n\u1ed5 DLF1-BN, DLF1-OB, DLF1-WN series h\u00e3ng Alloy\/Thailand, gi\u00fap kh\u00e1ch h\u00e0ng hi\u1ec3u v\u00e0 l\u1ef1a ch\u1ecdn \u0111\u01b0\u1ee3c s\u1ea3n ph\u1ea9m ph\u00f9 h\u1ee3p v\u1edbi \u0111i\u1ec1u ki\u1ec7n l\u00e0m vi\u1ec7c c\u1ee7a m\u00ecnh h\u01a1n.<\/span><\/p>\n<p><b>\u0110\u00c8N C\u1ea2NH B\u00c1O CH\u1ed0NG CH\u00c1Y N\u1ed4 DLF1-BN, DLF1-OB, DLF1-WN SERIES<\/b><\/p>\n<figure id=\"attachment_940\" aria-describedby=\"caption-attachment-940\" style=\"width: 520px\" class=\"wp-caption aligncenter\"><img loading=\"lazy\" decoding=\"async\" class=\"wp-image-940 size-full\" src=\"https:\/\/demo8.thuythu.com\/santex\/wp-content\/uploads\/2022\/12\/1-2-4.jpg\" alt=\"\" width=\"520\" height=\"520\" srcset=\"https:\/\/demo8.thuythu.com\/santex\/wp-content\/uploads\/2022\/12\/1-2-4.jpg 520w, https:\/\/demo8.thuythu.com\/santex\/wp-content\/uploads\/2022\/12\/1-2-4-300x300.jpg 300w, https:\/\/demo8.thuythu.com\/santex\/wp-content\/uploads\/2022\/12\/1-2-4-150x150.jpg 150w, https:\/\/demo8.thuythu.com\/santex\/wp-content\/uploads\/2022\/12\/1-2-4-100x100.jpg 100w\" sizes=\"(max-width: 520px) 100vw, 520px\" \/><figcaption id=\"caption-attachment-940\" class=\"wp-caption-text\">Explosion Proof Warning Light DLF1-BN, DLF1-OB, DLF1-WN series<\/figcaption><\/figure>\n<p><b>\u0110\u00c8N C\u1ea2NH B\u00c1O CH\u1ed0NG CH\u00c1Y N\u1ed4 L\u00c0 G\u00cc?<\/b><\/p>\n<p><span style=\"font-weight: 400;\">\u0110\u00e8n c\u1ea3nh b\u00e1o ch\u1ed1ng ch\u00e1y n\u1ed5, c\u00f3 t\u00ean ti\u1ebfng anh l\u00e0 Explosion Proof Warning Light (hay c\u00f2n g\u1ecdi l\u00e0 Explosion Proof Signal Light, <\/span><span style=\"font-weight: 400;\">l\u00e0 lo\u1ea1i \u0111\u00e8n \u0111\u01b0\u1ee3c s\u1eed d\u1ee5ng v\u1edbi m\u1ee5c \u0111\u00edch b\u00e1o t\u00edn hi\u1ec7u gi\u00fap ng\u01b0\u1eddi d\u00f9ng nhanh ch\u00f3ng ph\u00e1t hi\u1ec7n \u0111\u01b0\u1ee3c t\u00edn hi\u1ec7u v\u00e0 n\u1eafm b\u1eaft \u0111\u01b0\u1ee3c th\u00f4ng tin c\u1ea7n c\u1ea3nh b\u00e1o<\/span><span style=\"font-weight: 400;\">, \u0111\u01b0\u1ee3c s\u1ea3n xu\u1ea5t \u0111\u1ea1t ti\u00eau chu\u1ea9n ch\u1ed1ng ch\u00e1y n\u1ed5, th\u01b0\u1eddng \u0111\u01b0\u1ee3c s\u1eed d\u1ee5ng trong nh\u1eefng m\u00f4i tr\u01b0\u1eddng c\u00f3 nguy c\u01a1 ch\u00e1y n\u1ed5 cao nh\u01b0 h\u00f3a ch\u1ea5t, d\u1ea7u kh\u00ed, gi\u1ea5y, \u2026\u00a0<\/span><\/p>\n<p><span style=\"font-weight: 400;\">DLF1 series hi\u1ec7n c\u00f3 03 d\u00f2ng s\u1ea3n ph\u1ea9m ch\u00ednh sau \u0111\u00e2y:<\/span><\/p>\n<ul>\n<li style=\"font-weight: 400;\" aria-level=\"1\"><span style=\"font-weight: 400;\">DLF1-BN series: \u0111\u00e8n c\u1ea3nh b\u00e1o Warning Light d\u1ea1ng quay (Rotating). G\u1ed3m 04 m\u00e0u \u00e1nh s\u00e1ng c\u1ea3nh b\u00e1o l\u00e0 \u00e1nh s\u00e1ng \u0111\u1ecf, \u00e1nh s\u00e1ng v\u00e0ng, \u00e1nh s\u00e1ng xanh l\u00e1 c\u00e2y &amp; \u00e1nh s\u00e1ng xanh da tr\u1eddi.\u00a0<\/span><\/li>\n<li style=\"font-weight: 400;\" aria-level=\"1\"><span style=\"font-weight: 400;\">DLF1-WN series: \u0111\u00e8n c\u1ea3nh b\u00e1o Warning Light d\u1ea1ng LED lamp (LED lamp with lens color). G\u1ed3m 04 m\u00e0u \u00e1nh s\u00e1ng c\u1ea3nh b\u00e1o l\u00e0 \u00e1nh s\u00e1ng \u0111\u1ecf, \u00e1nh s\u00e1ng v\u00e0ng, \u00e1nh s\u00e1ng xanh l\u00e1 c\u00e2y &amp; \u00e1nh s\u00e1ng xanh da tr\u1eddi.\u00a0<\/span><\/li>\n<li style=\"font-weight: 400;\" aria-level=\"1\"><span style=\"font-weight: 400;\">\u00a0DLF1-OB series: \u0111\u00e8n t\u00edn hi\u1ec7u c\u1ea3nh b\u00e1o ch\u01b0\u1edbng ng\u1ea1i v\u1eadt Low Intensity ICAO Obstruction Lights, ch\u1ec9 c\u00f3 duy nh\u1ea5t 01 m\u00e0u \u00e1nh s\u00e1ng \u0111\u1ecf. Lo\u1ea1i \u0111\u00e8n n\u00e0y th\u01b0\u1eddng \u0111\u01b0\u1ee3c s\u1eed d\u1ee5ng \u0111\u1ec3 c\u1ea3nh b\u00e1o t\u00edn hi\u1ec7u tr\u00ean t\u00e0u, gi\u00e0n khoan, s\u00e2n bay, \u2026<\/span><\/li>\n<\/ul>\n<p><span style=\"font-weight: 400;\">DLF1-BN, DLF1-OB, DLF1-WN series l\u00e0 d\u00f2ng \u0111\u00e8n c\u1ea3nh b\u00e1o ch\u1ed1ng ch\u00e1y n\u1ed5 h\u00e3ng Alloy\/Thailand, c\u00f3 v\u1eadt li\u1ec7u ph\u1ea7n th\u00e2n \u0111\u01b0\u1ee3c l\u00e0m t\u1eeb v\u1eadt li\u1ec7u nh\u00f4m aluminium, s\u01a1n ph\u1ee7 t\u0129nh \u0111i\u1ec7n b\u00ean ngo\u00e0i, ph\u1ea7n k\u00ednh b\u1ea3o v\u1ec7 \u0111\u01b0\u1ee3c l\u00e0m t\u1eeb th\u1ee7y tinh c\u01b0\u1eddng l\u1ef1c, \u0111\u01b0\u1ee3c s\u1ea3n xu\u1ea5t \u0111\u1ea1t ti\u00eau chu\u1ea9n ch\u1ed1ng ch\u00e1y n\u1ed5, ph\u00f9 h\u1ee3p \u0111\u1ec3 s\u1eed d\u1ee5ng cho c\u00e1c m\u00f4i tr\u01b0\u1eddng c\u00f3 nguy c\u01a1 ch\u00e1y n\u1ed5 cao thu\u1ed9c zone 1&amp;2 (\u0111\u1ed1i v\u1edbi kh\u00ed) v\u00e0 zone 21 &amp; 22 (\u0111\u1ed1i v\u1edbi b\u1ee5i), \u0111\u01b0\u1ee3c ki\u1ec3m tra &amp; c\u1ea5p ch\u1ee9ng ch\u1ec9 ch\u1ed1ng ch\u00e1y n\u1ed5 b\u1edfi m\u1ed9t trong hai \u0111\u01a1n v\u1ecb uy t\u00edn nh\u1ea5t th\u1ebf gi\u1edbi l\u00e0 ATEX.<\/span><\/p>\n<p><b>TH\u00d4NG S\u1ed0 K\u1ef8 THU\u1eacT \u0110\u00c8N C\u1ea2NH B\u00c1O DLF1-BN, DLF1-OB, DLF1-WN SERIES<\/b><\/p>\n<table>\n<tbody>\n<tr>\n<td><b>Hazardous Area<\/b><\/td>\n<td><b>Gas<\/b><\/td>\n<td><b>Dust<\/b><\/td>\n<\/tr>\n<tr>\n<td><span style=\"font-weight: 400;\">Zones<\/span><\/td>\n<td><span style=\"font-weight: 400;\">1 &amp; 2<\/span><\/td>\n<td><span style=\"font-weight: 400;\">21 &amp; 22<\/span><\/td>\n<\/tr>\n<tr>\n<td><span style=\"font-weight: 400;\">Equipment Group\/Category<\/span><\/td>\n<td><span style=\"font-weight: 400;\">Ex II 2G<\/span><\/td>\n<td><span style=\"font-weight: 400;\">Ex II 2D<\/span><\/td>\n<\/tr>\n<tr>\n<td><span style=\"font-weight: 400;\">Symbol of Protection<\/span><\/td>\n<td><span style=\"font-weight: 400;\">Ex db eb IIC T6\/ T5 Gb<\/span><\/td>\n<td><span style=\"font-weight: 400;\">Ex tb IIIC T80<\/span><span style=\"font-weight: 400;\">o<\/span><span style=\"font-weight: 400;\">C\/ T100<\/span><span style=\"font-weight: 400;\">o<\/span><span style=\"font-weight: 400;\">C Db IP66<\/span><\/td>\n<\/tr>\n<tr>\n<td><span style=\"font-weight: 400;\">Certificate<\/span><\/td>\n<td colspan=\"2\"><span style=\"font-weight: 400;\">T\u00dcV CY 18 ATEX 0206011 X<\/span><\/td>\n<\/tr>\n<tr>\n<td><span style=\"font-weight: 400;\">Conformity to Standards<\/span><\/td>\n<td colspan=\"2\"><span style=\"font-weight: 400;\">EN 60079-0:2012+A11:2013, EN 60079-1:2014, EN 60079-7:2015, EN 60079-31:2014<\/span><\/td>\n<\/tr>\n<tr>\n<td><span style=\"font-weight: 400;\">Ambient Temperature<\/span><\/td>\n<td colspan=\"2\"><span style=\"font-weight: 400;\">-20<\/span><span style=\"font-weight: 400;\">o<\/span><span style=\"font-weight: 400;\">C to +55<\/span><span style=\"font-weight: 400;\">o<\/span><span style=\"font-weight: 400;\">C<\/span><\/td>\n<\/tr>\n<tr>\n<td><span style=\"font-weight: 400;\">Index of Protection<\/span><\/td>\n<td colspan=\"2\"><span style=\"font-weight: 400;\">IP66<\/span><\/td>\n<\/tr>\n<tr>\n<td colspan=\"3\"><span style=\"font-weight: 400;\">\u00a0<\/span><\/td>\n<\/tr>\n<tr>\n<td><span style=\"font-weight: 400;\">Entries<\/span><\/td>\n<td colspan=\"2\"><span style=\"font-weight: 400;\">2- M25x1.5 or 2- \u00d83\/4\u201d NPT (1-stopping plug)<\/span><\/td>\n<\/tr>\n<tr>\n<td><span style=\"font-weight: 400;\">Mounting<\/span><\/td>\n<td colspan=\"2\"><span style=\"font-weight: 400;\">Ceiling or Bracket mounting (standard)<\/span><\/p>\n<p><span style=\"font-weight: 400;\">Optional mounting ; 2x M10 eye bolts, clamps for pipe)<\/span><\/td>\n<\/tr>\n<tr>\n<td><span style=\"font-weight: 400;\">Connection<\/span><\/td>\n<td colspan=\"2\"><span style=\"font-weight: 400;\">L, N and E ; for 1-4mm.2 cable (Through wiring system with an extra terminal block for cable connection at both ends).<\/span><\/td>\n<\/tr>\n<tr>\n<td><span style=\"font-weight: 400;\">Rated Voltage<\/span><\/td>\n<td colspan=\"2\"><span style=\"font-weight: 400;\">220\/ 230\/ 240V.ac \u00b15% 50\/60Hz.<\/span><\/td>\n<\/tr>\n<\/tbody>\n<\/table>\n<p><b style=\"letter-spacing: 0px;\">TH\u00d4NG S\u1ed0 V\u1eacT LI\u1ec6U \u0110\u00c8N C\u1ea2NH B\u00c1O N\u1ed4 DLF1-BN, DLF1-OB, DLF1-WN SERIES<\/b><\/p>\n<table>\n<tbody>\n<tr>\n<td><span style=\"font-weight: 400;\">Body material<\/span><\/td>\n<td><span style=\"font-weight: 400;\">:<\/span><\/td>\n<td><span style=\"font-weight: 400;\">Marine grade copper-free aluminium alloy with polyester powder coated, RAL 7032 (Grey)<\/span><\/td>\n<\/tr>\n<tr>\n<td><span style=\"font-weight: 400;\">Globe<\/span><\/td>\n<td><\/td>\n<td><span style=\"font-weight: 400;\">Borosilicate glass<\/span><\/td>\n<\/tr>\n<tr>\n<td><span style=\"font-weight: 400;\">Filter<\/span><\/td>\n<td><span style=\"font-weight: 400;\">:\u00a0<\/span><\/td>\n<td><span style=\"font-weight: 400;\">Plastic (Warning Light)<\/span><\/td>\n<\/tr>\n<tr>\n<td><span style=\"font-weight: 400;\">Guard, bolts<\/span><\/td>\n<td><span style=\"font-weight: 400;\">:<\/span><\/td>\n<td><span style=\"font-weight: 400;\">Stainless steel<\/span><\/td>\n<\/tr>\n<tr>\n<td><span style=\"font-weight: 400;\">Seal gasket<\/span><\/td>\n<td><\/td>\n<td><span style=\"font-weight: 400;\">Silicone<\/span><\/td>\n<\/tr>\n<tr>\n<td><span style=\"font-weight: 400;\">Bracket<\/span><\/td>\n<td><\/td>\n<td><span style=\"font-weight: 400;\">Hot-dip galvanized steel<\/span><\/td>\n<\/tr>\n<\/tbody>\n<\/table>\n<p><b>QUY C\u00c1CH \u0110\u00c8N C\u1ea2NH B\u00c1O CH\u1ed0NG CH\u00c1Y N\u1ed4 DLF1-BN, DLF1-OB, DLF1-WN SERIES<\/b><\/p>\n<figure id=\"attachment_942\" aria-describedby=\"caption-attachment-942\" style=\"width: 724px\" class=\"wp-caption aligncenter\"><img loading=\"lazy\" decoding=\"async\" class=\"wp-image-942 size-large\" src=\"https:\/\/demo8.thuythu.com\/santex\/wp-content\/uploads\/2022\/12\/1-2-5-724x1024.jpg\" alt=\"\" width=\"724\" height=\"1024\" srcset=\"https:\/\/demo8.thuythu.com\/santex\/wp-content\/uploads\/2022\/12\/1-2-5-724x1024.jpg 724w, https:\/\/demo8.thuythu.com\/santex\/wp-content\/uploads\/2022\/12\/1-2-5-212x300.jpg 212w, https:\/\/demo8.thuythu.com\/santex\/wp-content\/uploads\/2022\/12\/1-2-5-768x1086.jpg 768w, https:\/\/demo8.thuythu.com\/santex\/wp-content\/uploads\/2022\/12\/1-2-5-1086x1536.jpg 1086w, https:\/\/demo8.thuythu.com\/santex\/wp-content\/uploads\/2022\/12\/1-2-5-770x1089.jpg 770w, https:\/\/demo8.thuythu.com\/santex\/wp-content\/uploads\/2022\/12\/1-2-5-600x849.jpg 600w, https:\/\/demo8.thuythu.com\/santex\/wp-content\/uploads\/2022\/12\/1-2-5.jpg 1131w\" sizes=\"(max-width: 724px) 100vw, 724px\" \/><figcaption id=\"caption-attachment-942\" class=\"wp-caption-text\">Quy c\u00e1ch Explosion Proof Warning Light DLF1-BN, DLF1-OB, DLF1-WN series<\/figcaption><\/figure>\n<p><span style=\"font-weight: 400;\">\u0110\u1ec3 bi\u1ebft r\u00f5 h\u01a1n ho\u1eb7c c\u1ea7n t\u01b0 v\u1ea5n v\u1ec1\u00a0<\/span><a href=\"http:\/\/makgil.com\/products\/alloy-industry-co-ltd-have-grown-and-prospered-alongside-thailand-s-expeditious-industrial-expansion-for-more-than-40-years-alloy-industry-co-ltd-initially-manufactured-the-lighting-fixtures-junction-boxes-and-co\"><i><span style=\"font-weight: 400;\">thi\u1ebft b\u1ecb \u0111i\u1ec7n &amp; ph\u1ee5 ki\u1ec7n ch\u1ed1ng ch\u00e1y n\u1ed5<\/span><\/i><\/a><span style=\"font-weight: 400;\">, qu\u00fd kh\u00e1ch h\u00e0ng vui l\u00f2ng li\u00ean h\u1ec7 theo th\u00f4ng tin d\u01b0\u1edbi \u0111\u00e2y:<\/span><\/p>\n<p><b>C\u00d4NG TY TNHH SANTEX\u00a0<\/b><\/p>\n<p><span style=\"font-weight: 400;\">\u0110\u1ecba ch\u1ec9: 18\/21 Nguy\u1ec5n V\u0103n Dung, P.6, Q. G\u00f2 V\u1ea5p, TP. H\u1ed3 Ch\u00ed Minh<\/span><\/p>\n<p><span style=\"font-weight: 400;\">\u0110i\u1ec7n tho\u1ea1i: 02866572704\u00a0 Website:\u00a0<\/span><a href=\"http:\/\/santex.com.vn\/\"><span style=\"font-weight: 400;\">http:\/\/santex.com.vn\/<\/span><\/a><span style=\"font-weight: 400;\">\u00a0 \u00a0 \u00a0Email: <\/span><a href=\"mailto:info@santex.com\"><span style=\"font-weight: 400;\">info@santex.com<\/span><\/a><span style=\"font-weight: 400;\">.vn<\/span><\/p>\n","protected":false},"excerpt":{"rendered":"<p><span style=\"font-weight: 400;\">DLF1-BN, DLF1-OB, DLF1-WN series l\u00e0 \u0111\u00e8n c\u1ea3nh b\u00e1o ch\u1ed1ng ch\u00e1y n\u1ed5 (Explosion Proof Warning Light) h\u00e3ng Alloy\/Thailand, g\u1ed3m \u0111\u00e8n c\u1ea3nh b\u00e1o d\u1ea1ng quay, d\u1ea1ng LED lamp &amp; d\u1ea1ng t\u00edn hi\u1ec7u b\u00e1o ch\u01b0\u1edbng ng\u1ea1i v\u1eadt<\/span><\/p>\n","protected":false},"featured_media":940,"comment_status":"open","ping_status":"closed","template":"","meta":[],"product_cat":[68],"product_tag":[],"acf":[],"_links":{"self":[{"href":"https:\/\/demo8.thuythu.com\/santex\/wp-json\/wp\/v2\/product\/939"}],"collection":[{"href":"https:\/\/demo8.thuythu.com\/santex\/wp-json\/wp\/v2\/product"}],"about":[{"href":"https:\/\/demo8.thuythu.com\/santex\/wp-json\/wp\/v2\/types\/product"}],"replies":[{"embeddable":true,"href":"https:\/\/demo8.thuythu.com\/santex\/wp-json\/wp\/v2\/comments?post=939"}],"wp:featuredmedia":[{"embeddable":true,"href":"https:\/\/demo8.thuythu.com\/santex\/wp-json\/wp\/v2\/media\/940"}],"wp:attachment":[{"href":"https:\/\/demo8.thuythu.com\/santex\/wp-json\/wp\/v2\/media?parent=939"}],"wp:term":[{"taxonomy":"product_cat","embeddable":true,"href":"https:\/\/demo8.thuythu.com\/santex\/wp-json\/wp\/v2\/product_cat?post=939"},{"taxonomy":"product_tag","embeddable":true,"href":"https:\/\/demo8.thuythu.com\/santex\/wp-json\/wp\/v2\/product_tag?post=939"}],"curies":[{"name":"wp","href":"https:\/\/api.w.org\/{rel}","templated":true}]}}