{"id":954,"date":"2022-12-22T14:47:51","date_gmt":"2022-12-22T14:47:51","guid":{"rendered":"https:\/\/demo8.thuythu.com\/santex\/?post_type=product&#038;p=954"},"modified":"2022-12-22T14:47:51","modified_gmt":"2022-12-22T14:47:51","slug":"den-bao-khong","status":"publish","type":"product","link":"https:\/\/demo8.thuythu.com\/santex\/product\/den-bao-khong\/","title":{"rendered":"VOB series \u2013 \u0110\u00e8n b\u00e1o kh\u00f4ng c\u01b0\u1eddng \u0111\u1ed9 th\u1ea5p (Low-Intensity Obstacle Light)"},"content":{"rendered":"<p><a href=\"http:\/\/makgil.com\/\"><b>C\u00d4NG<\/b><\/a><b> TY TNHH SANTEX<\/b><b>\u00a0<\/b><span style=\"font-weight: 400;\">t\u1ef1 h\u00e0o l\u00e0 nh\u00e0 ph\u00e2n ph\u1ed1i \u1ee7y quy\u1ec1n c\u00e1c s\u1ea3n ph\u1ea9m c\u1ee7a h\u00e3ng Alloy\/Thailand t\u1ea1i Vi\u1ec7t Nam v\u1ec1 thi\u1ebft b\u1ecb \u0111i\u1ec7n &amp; ph\u1ee5 ki\u1ec7n ch\u1ed1ng ch\u00e1y n\u1ed5, trong \u0111\u00f3 c\u00f3 \u0110\u00e8n b\u00e1o kh\u00f4ng c\u01b0\u1eddng \u0111\u1ed9 th\u1ea5p (Low-Intensity Obstacle Light).<\/span><\/p>\n<p><span style=\"font-weight: 400;\">V\u1eady \u0110\u00e8n b\u00e1o kh\u00f4ng l\u00e0 g\u00ec? D\u01b0\u1edbi \u0111\u00e2y th\u1ec3 hi\u1ec7n c\u00e1c th\u00f4ng s\u1ed1 k\u1ef9 thu\u1eadt &amp; th\u00f4ng tin c\u1ea7n thi\u1ebft c\u1ee7a \u0110\u00e8n b\u00e1o kh\u00f4ng c\u01b0\u1eddng \u0111\u1ed9 th\u1ea5p VOB series h\u00e3ng Alloy\/Thailand, gi\u00fap kh\u00e1ch h\u00e0ng hi\u1ec3u v\u00e0 l\u1ef1a ch\u1ecdn \u0111\u01b0\u1ee3c s\u1ea3n ph\u1ea9m ph\u00f9 h\u1ee3p v\u1edbi \u0111i\u1ec1u ki\u1ec7n l\u00e0m vi\u1ec7c c\u1ee7a m\u00ecnh h\u01a1n.<\/span><\/p>\n<p><b>\u0110\u00c8N B\u00c1O KH\u00d4NG VOB SERIES<\/b><\/p>\n<figure id=\"attachment_955\" aria-describedby=\"caption-attachment-955\" style=\"width: 479px\" class=\"wp-caption aligncenter\"><img loading=\"lazy\" decoding=\"async\" class=\"wp-image-955 size-full\" src=\"https:\/\/demo8.thuythu.com\/santex\/wp-content\/uploads\/2022\/12\/den-tin-hieu-3.jpg\" alt=\"\" width=\"479\" height=\"394\" srcset=\"https:\/\/demo8.thuythu.com\/santex\/wp-content\/uploads\/2022\/12\/den-tin-hieu-3.jpg 479w, https:\/\/demo8.thuythu.com\/santex\/wp-content\/uploads\/2022\/12\/den-tin-hieu-3-300x247.jpg 300w\" sizes=\"(max-width: 479px) 100vw, 479px\" \/><figcaption id=\"caption-attachment-955\" class=\"wp-caption-text\">Low-Intensity Obstacle Light VOB series h\u00e3ng Alloy\/Thailand<\/figcaption><\/figure>\n<p><b>\u0110\u00c8N B\u00c1O KH\u00d4NG L\u00c0 G\u00cc?<\/b><\/p>\n<p><span style=\"font-weight: 400;\">\u0110\u00e8n b\u00e1o kh\u00f4ng, c\u00f3 t\u00ean ti\u1ebfng anh l\u00e0 Obstacle Light, <\/span><span style=\"font-weight: 400;\">l\u00e0 lo\u1ea1i \u0111\u00e8n \u0111\u01b0\u1ee3c s\u1eed d\u1ee5ng v\u1edbi m\u1ee5c \u0111\u00edch b\u00e1o t\u00edn hi\u1ec7u gi\u00fap ng\u01b0\u1eddi d\u00f9ng nhanh ch\u00f3ng ph\u00e1t hi\u1ec7n \u0111\u01b0\u1ee3c c\u00e1c ch\u01b0\u1edbng ng\u1ea1i v\u1eadt xu\u1ea5t hi\u1ec7n trong qu\u00e1 tr\u00ecnh di chuy\u1ec3n<\/span><span style=\"font-weight: 400;\">. \u0110\u00e2y l\u00e0 lo\u1ea1i \u0111\u00e8n th\u01b0\u1eddng \u0111\u01b0\u1ee3c s\u1eed d\u1ee5ng cho m\u1ee5c \u0111\u00edch c\u1ea3nh b\u00e1o h\u00e0ng kh\u00f4ng, c\u1ea3nh b\u00e1o ch\u01b0\u1edbng ng\u1ea1i v\u1eadt cho m\u00e1y bay khi c\u1ea5t &amp; h\u1ea1 c\u1ea1nh, th\u01b0\u1eddng \u0111\u01b0\u1ee3c l\u1eafp \u0111\u1eb7t tr\u00ean th\u00e1p, gi\u00e0n khoan ho\u1eb7c c\u00e1c to\u00e0n nh\u00e0 cao t\u1ea7ng, \u2026<\/span><\/p>\n<p><span style=\"font-weight: 400;\">VOB series l\u00e0 d\u00f2ng \u0110\u00e8n b\u00e1o kh\u00f4ng c\u01b0\u1eddng \u0111\u1ed9 th\u1ea5p (Low-Intensity) h\u00e3ng Alloy\/Thailand, g\u1ed3m 02 t\u00f9y ch\u1ecdn sau \u0111\u00e2y:<\/span><\/p>\n<ul>\n<li style=\"font-weight: 400;\" aria-level=\"1\"><span style=\"font-weight: 400;\">\u0110\u00e8n s\u1ee3i \u0111\u1ed1t (Incandescent)<\/span><\/li>\n<li style=\"font-weight: 400;\" aria-level=\"1\"><span style=\"font-weight: 400;\">\u0110\u00e8n halogen.<\/span><\/li>\n<\/ul>\n<p><span style=\"font-weight: 400;\">V\u1ec1 m\u00e0u s\u1eafc \u00e1nh s\u00e1ng, VOB series c\u00f3 04 l\u1ef1a ch\u1ecdn:<\/span><\/p>\n<ul>\n<li style=\"font-weight: 400;\" aria-level=\"1\"><span style=\"font-weight: 400;\">M\u00e0u \u0111\u1ecf (Red)<\/span><\/li>\n<li style=\"font-weight: 400;\" aria-level=\"1\"><span style=\"font-weight: 400;\">M\u00e0u cam (Orange)<\/span><\/li>\n<li style=\"font-weight: 400;\" aria-level=\"1\"><span style=\"font-weight: 400;\">M\u00e0u xanh l\u00e1 (Green)<\/span><\/li>\n<li style=\"font-weight: 400;\" aria-level=\"1\"><span style=\"font-weight: 400;\">\u00c1nh s\u00e1ng tr\u1eafng (Clear).<\/span><\/li>\n<\/ul>\n<p><span style=\"font-weight: 400;\">VOB series c\u00f3 v\u1eadt li\u1ec7u ph\u1ea7n th\u00e2n \u0111\u01b0\u1ee3c l\u00e0m t\u1eeb v\u1eadt li\u1ec7u nh\u00f4m aluminium, s\u01a1n ph\u1ee7 t\u0129nh \u0111i\u1ec7n b\u00ean ngo\u00e0i, ph\u1ea7n k\u00ednh b\u1ea3o v\u1ec7 \u0111\u01b0\u1ee3c l\u00e0m t\u1eeb th\u1ee7y tinh c\u01b0\u1eddng l\u1ef1c, \u0111\u1ea1t chu\u1ea9n b\u1ea3o v\u1ec7 c\u1ea5p IP65.<\/span><\/p>\n<p><b>TH\u00d4NG S\u1ed0 K\u1ef8 THU\u1eacT LOW-INTENSITY OBSTACLE LIGHT VOB SERIES<\/b><\/p>\n<table>\n<tbody>\n<tr>\n<td><span style=\"font-weight: 400;\">Protection<\/span><\/td>\n<td><span style=\"font-weight: 400;\">Weatherproof<\/span><\/td>\n<\/tr>\n<tr>\n<td><span style=\"font-weight: 400;\">Index of Protection<\/span><\/td>\n<td><span style=\"font-weight: 400;\">IP65<\/span><\/td>\n<\/tr>\n<tr>\n<td><span style=\"font-weight: 400;\">Ambient Temperature<\/span><\/td>\n<td><span style=\"font-weight: 400;\">-20<\/span><span style=\"font-weight: 400;\">o<\/span><span style=\"font-weight: 400;\">C to +55<\/span><span style=\"font-weight: 400;\">o<\/span><span style=\"font-weight: 400;\">C<\/span><\/td>\n<\/tr>\n<tr>\n<td><span style=\"font-weight: 400;\">Conformity to Standards<\/span><\/td>\n<td><span style=\"font-weight: 400;\">ICAO Annex 14 Volume 1<\/span><\/td>\n<\/tr>\n<tr>\n<td colspan=\"2\"><span style=\"font-weight: 400;\">\u00a0<\/span><\/td>\n<\/tr>\n<tr>\n<td><span style=\"font-weight: 400;\">Entries<\/span><\/td>\n<td><span style=\"font-weight: 400;\">\u00d83\/4\u201d NPT (\u00d81\/2\u201d NPT size conduit hub is option)<\/span><\/td>\n<\/tr>\n<tr>\n<td><span style=\"font-weight: 400;\">Rated Voltage<\/span><\/td>\n<td><span style=\"font-weight: 400;\">220V.ac 50Hz.<\/span><\/td>\n<\/tr>\n<\/tbody>\n<\/table>\n<p><b>TH\u00d4NG S\u1ed0 V\u1eacT LI\u1ec6U LOW-INTENSITY OBSTACLE LIGHT VOB SERIES<\/b><\/p>\n<table>\n<tbody>\n<tr>\n<td><span style=\"font-weight: 400;\">Body material<\/span><\/td>\n<td><span style=\"font-weight: 400;\">:<\/span><\/td>\n<td><span style=\"font-weight: 400;\">Marine grade copper-free aluminium alloy with polyester powder coated, RAL 7032 (Grey)<\/span><\/td>\n<\/tr>\n<tr>\n<td><span style=\"font-weight: 400;\">Lens<\/span><\/td>\n<td><span style=\"font-weight: 400;\">:<\/span><\/td>\n<td><span style=\"font-weight: 400;\">Heat and impact resistant colour glass<\/span><\/td>\n<\/tr>\n<tr>\n<td><span style=\"font-weight: 400;\">Grip lock and chain<\/span><\/td>\n<td><span style=\"font-weight: 400;\">:\u00a0<\/span><\/td>\n<td><span style=\"font-weight: 400;\">Stainless steel<\/span><\/td>\n<\/tr>\n<\/tbody>\n<\/table>\n<p><b>QUY C\u00c1CH LOW-INTENSITY OBSTACLE LIGHT VOB SERIES<\/b><\/p>\n<figure id=\"attachment_957\" aria-describedby=\"caption-attachment-957\" style=\"width: 1296px\" class=\"wp-caption aligncenter\"><img loading=\"lazy\" decoding=\"async\" class=\"wp-image-957 size-full\" src=\"https:\/\/demo8.thuythu.com\/santex\/wp-content\/uploads\/2022\/12\/den-tin-hieu-4.jpg\" alt=\"\" width=\"1296\" height=\"1194\" srcset=\"https:\/\/demo8.thuythu.com\/santex\/wp-content\/uploads\/2022\/12\/den-tin-hieu-4.jpg 1296w, https:\/\/demo8.thuythu.com\/santex\/wp-content\/uploads\/2022\/12\/den-tin-hieu-4-300x276.jpg 300w, https:\/\/demo8.thuythu.com\/santex\/wp-content\/uploads\/2022\/12\/den-tin-hieu-4-1024x943.jpg 1024w, https:\/\/demo8.thuythu.com\/santex\/wp-content\/uploads\/2022\/12\/den-tin-hieu-4-768x708.jpg 768w, https:\/\/demo8.thuythu.com\/santex\/wp-content\/uploads\/2022\/12\/den-tin-hieu-4-770x709.jpg 770w, https:\/\/demo8.thuythu.com\/santex\/wp-content\/uploads\/2022\/12\/den-tin-hieu-4-600x553.jpg 600w\" sizes=\"(max-width: 1296px) 100vw, 1296px\" \/><figcaption id=\"caption-attachment-957\" class=\"wp-caption-text\">Quy c\u00e1ch Low-Intensity Obstacle Light VOB series h\u00e3ng Alloy\/Thailand<\/figcaption><\/figure>\n<p><span style=\"font-weight: 400;\">\u00a0\u0110\u1ec3 bi\u1ebft r\u00f5 h\u01a1n ho\u1eb7c c\u1ea7n t\u01b0 v\u1ea5n v\u1ec1\u00a0<\/span><a href=\"http:\/\/makgil.com\/products\/alloy-industry-co-ltd-have-grown-and-prospered-alongside-thailand-s-expeditious-industrial-expansion-for-more-than-40-years-alloy-industry-co-ltd-initially-manufactured-the-lighting-fixtures-junction-boxes-and-co\"><i><span style=\"font-weight: 400;\">thi\u1ebft b\u1ecb \u0111i\u1ec7n &amp; ph\u1ee5 ki\u1ec7n ch\u1ed1ng ch\u00e1y n\u1ed5<\/span><\/i><\/a><span style=\"font-weight: 400;\">, qu\u00fd kh\u00e1ch h\u00e0ng vui l\u00f2ng li\u00ean h\u1ec7 theo th\u00f4ng tin d\u01b0\u1edbi \u0111\u00e2y:<\/span><\/p>\n<p><b>C\u00d4NG TY TNHH SANTEX\u00a0<\/b><\/p>\n<p><span style=\"font-weight: 400;\">\u0110\u1ecba ch\u1ec9: 18\/21 Nguy\u1ec5n V\u0103n Dung, P.6, Q. G\u00f2 V\u1ea5p, TP. H\u1ed3 Ch\u00ed Minh<\/span><\/p>\n<p><span style=\"font-weight: 400;\">\u0110i\u1ec7n tho\u1ea1i: 02866572704\u00a0 Website:\u00a0<\/span><a href=\"http:\/\/santex.com.vn\/\"><span style=\"font-weight: 400;\">http:\/\/santex.com.vn\/<\/span><\/a><span style=\"font-weight: 400;\">\u00a0 \u00a0 \u00a0Email: <\/span><a href=\"mailto:info@santex.com\"><span style=\"font-weight: 400;\">info@santex.com<\/span><\/a><span style=\"font-weight: 400;\">.vn<\/span><\/p>\n","protected":false},"excerpt":{"rendered":"<p><span style=\"font-weight: 400;\">VOB series l\u00e0 \u0110\u00e8n b\u00e1o kh\u00f4ng c\u01b0\u1eddng \u0111\u1ed9 th\u1ea5p (Low-Intensity Obstacle Light) h\u00e3ng Alloy\/Thailand, g\u1ed3m hai t\u00f9y ch\u1ecdn l\u00e0 \u0111\u00e8n s\u1ee3i \u0111\u1ed1t &amp; \u0111\u00e8n halogen, \u0111\u01b0\u1ee3c s\u1eed d\u1ee5ng cho m\u1ee5c \u0111\u00edch c\u1ea3nh b\u00e1o h\u00e0ng kh\u00f4ng, \u0111\u1ea1t c\u1ea5p b\u1ea3o v\u1ec7 IP65<\/span><\/p>\n","protected":false},"featured_media":955,"comment_status":"open","ping_status":"closed","template":"","meta":[],"product_cat":[68],"product_tag":[],"acf":[],"_links":{"self":[{"href":"https:\/\/demo8.thuythu.com\/santex\/wp-json\/wp\/v2\/product\/954"}],"collection":[{"href":"https:\/\/demo8.thuythu.com\/santex\/wp-json\/wp\/v2\/product"}],"about":[{"href":"https:\/\/demo8.thuythu.com\/santex\/wp-json\/wp\/v2\/types\/product"}],"replies":[{"embeddable":true,"href":"https:\/\/demo8.thuythu.com\/santex\/wp-json\/wp\/v2\/comments?post=954"}],"wp:featuredmedia":[{"embeddable":true,"href":"https:\/\/demo8.thuythu.com\/santex\/wp-json\/wp\/v2\/media\/955"}],"wp:attachment":[{"href":"https:\/\/demo8.thuythu.com\/santex\/wp-json\/wp\/v2\/media?parent=954"}],"wp:term":[{"taxonomy":"product_cat","embeddable":true,"href":"https:\/\/demo8.thuythu.com\/santex\/wp-json\/wp\/v2\/product_cat?post=954"},{"taxonomy":"product_tag","embeddable":true,"href":"https:\/\/demo8.thuythu.com\/santex\/wp-json\/wp\/v2\/product_tag?post=954"}],"curies":[{"name":"wp","href":"https:\/\/api.w.org\/{rel}","templated":true}]}}