{"id":959,"date":"2022-12-22T14:54:10","date_gmt":"2022-12-22T14:54:10","guid":{"rendered":"https:\/\/demo8.thuythu.com\/santex\/?post_type=product&#038;p=959"},"modified":"2022-12-22T14:54:10","modified_gmt":"2022-12-22T14:54:10","slug":"hop-nut-nhan-chong-chay-no","status":"publish","type":"product","link":"https:\/\/demo8.thuythu.com\/santex\/product\/hop-nut-nhan-chong-chay-no\/","title":{"rendered":"CTE2 series \u2013 H\u1ed9p n\u00fat nh\u1ea5n ch\u1ed1ng ch\u00e1y n\u1ed5 (Explosion proof Control Station)"},"content":{"rendered":"<p><a href=\"http:\/\/makgil.com\/\"><b>C\u00d4NG<\/b><\/a><b> TY TNHH SANTEX<\/b><b>\u00a0<\/b><span style=\"font-weight: 400;\">t\u1ef1 h\u00e0o l\u00e0 nh\u00e0 ph\u00e2n ph\u1ed1i \u1ee7y quy\u1ec1n c\u00e1c s\u1ea3n ph\u1ea9m c\u1ee7a h\u00e3ng Alloy\/Thailand t\u1ea1i Vi\u1ec7t Nam v\u1ec1 thi\u1ebft b\u1ecb \u0111i\u1ec7n &amp; ph\u1ee5 ki\u1ec7n ch\u1ed1ng ch\u00e1y n\u1ed5, trong \u0111\u00f3 c\u00f3 H\u1ed9p n\u00fat nh\u1ea5n ch\u1ed1ng ch\u00e1y n\u1ed5 (Explosion proof Control Station).<\/span><\/p>\n<p><span style=\"font-weight: 400;\">V\u1eady H\u1ed9p n\u00fat nh\u1ea5n ch\u1ed1ng ch\u00e1y n\u1ed5 (Explosion Proof Control Station) l\u00e0 g\u00ec? D\u01b0\u1edbi \u0111\u00e2y th\u1ec3 hi\u1ec7n c\u00e1c th\u00f4ng s\u1ed1 k\u1ef9 thu\u1eadt &amp; th\u00f4ng tin c\u1ea7n thi\u1ebft c\u1ee7a H\u1ed9p n\u00fat nh\u1ea5n ch\u1ed1ng ch\u00e1y n\u1ed5 CTE2 series h\u00e3ng Alloy\/Thailand, gi\u00fap kh\u00e1ch h\u00e0ng hi\u1ec3u v\u00e0 l\u1ef1a ch\u1ecdn \u0111\u01b0\u1ee3c s\u1ea3n ph\u1ea9m ph\u00f9 h\u1ee3p v\u1edbi \u0111i\u1ec1u ki\u1ec7n l\u00e0m vi\u1ec7c c\u1ee7a m\u00ecnh h\u01a1n.<\/span><\/p>\n<p><b>H\u1ed8P N\u00daT NH\u1ea4N CH\u1ed0NG CH\u00c1Y N\u1ed4 CTE2 SERIES<\/b><\/p>\n<p>&nbsp;<\/p>\n<p><b>H\u1ed8P N\u00daT NH\u1ea4N CH\u1ed0NG CH\u00c1Y N\u1ed4 L\u00c0 G\u00cc?<\/b><\/p>\n<p><span style=\"font-weight: 400;\">H\u1ed9p n\u00fat nh\u1ea5n ch\u1ed1ng ch\u00e1y n\u1ed5, c\u00f3 t\u00ean ti\u1ebfng anh l\u00e0 Explosion Proof Control Station, l\u00e0 m\u1ed9t t\u1ee7 \u0111i\u1ec7n k\u00edn ch\u1ee9a c\u00e1c thi\u1ebft b\u1ecb \u0111i\u1ec7n c\u00f3 ch\u1ee9c n\u0103ng \u0111i\u1ec1u khi\u1ec3n (v\u00ed d\u1ee5 \u0111i\u1ec1u khi\u1ec3n on\/off m\u00e1y b\u01a1m, \u0111\u00e8n chi\u1ebfu s\u00e1ng, m\u00e1y ph\u00e1t \u0111i\u1ec7n, \u2026) th\u00f4ng qua c\u00e1c ph\u1ee5 ki\u1ec7n n\u00fat nh\u1ea5n, c\u00f4ng t\u1eafc, \u2026 \u0111\u01b0\u1ee3c g\u1eafn b\u00ean ngo\u00e0i v\u1ecf t\u1ee7. T\u1ea5t c\u1ea3 c\u00e1c ph\u1ee5 ki\u1ec7n &amp; t\u1ee7 \u0111\u1ec1u thi\u1ebft k\u1ebf v\u00e0 s\u1ea3n xu\u1ea5t \u0111\u1ea1t ti\u00eau chu\u1ea9n ch\u1ed1ng ch\u00e1y n\u1ed5, s\u1eed d\u1ee5ng trong c\u00e1c m\u00f4i tr\u01b0\u1eddng c\u00f3 nguy c\u01a1 ch\u00e1y n\u1ed5 cao nh\u1eb1m m\u1ee5c \u0111\u00edch lo\u1ea1i b\u1ecf c\u00e1c nguy c\u01a1 g\u00e2y ra ch\u00e1y n\u1ed5.<\/span><\/p>\n<p><span style=\"font-weight: 400;\">CTE2 series l\u00e0 H\u1ed9p n\u00fat nh\u1ea5n ch\u1ed1ng ch\u00e1y n\u1ed5 h\u00e3ng Alloy\/Thailand, \u0111\u01b0\u1ee3c l\u00e0m t\u1eeb v\u1eadt li\u1ec7u nh\u00f4m aluminium, s\u01a1n ph\u1ee7 t\u0129nh \u0111i\u1ec7n b\u00ean ngo\u00e0i, \u0111\u01b0\u1ee3c l\u1eafp \u0111\u1eb7t c\u00f9ng c\u00e1c ph\u1ee5 ki\u1ec7n c\u1ee7a h\u00e3ng Alloy.\u00a0<\/span><\/p>\n<p><span style=\"font-weight: 400;\">CTE2 series ph\u00f9 h\u1ee3p \u0111\u1ec3 s\u1eed d\u1ee5ng cho c\u00e1c m\u00f4i tr\u01b0\u1eddng c\u00f3 nguy c\u01a1 ch\u00e1y n\u1ed5 cao thu\u1ed9c zone 1 &amp; 2 (\u0111\u1ed1i v\u1edbi kh\u00ed) v\u00e0 zone 21 &amp; 22 (\u0111\u1ed1i v\u1edbi b\u1ee5i), \u0111\u01b0\u1ee3c ki\u1ec3m tra v\u00e0 c\u1ea5p ch\u1ee9ng ch\u1ec9 ch\u1ed1ng ch\u00e1y n\u1ed5 b\u1edfi hai \u0111\u01a1n v\u1ecb uy t\u00edn nh\u1ea5t th\u1ebf gi\u1edbi l\u00e0 ATEX &amp; IECEx. \u0110\u00e2y l\u00e0 lo\u1ea1i ph\u1ee5 ki\u1ec7n \u0111\u01b0\u1ee3c s\u1eed d\u1ee5ng nhi\u1ec1u trong c\u00e1c ng\u00e0nh c\u00f4ng nghi\u1ec7p c\u00f3 nguy c\u01a1 ch\u00e1y n\u1ed5 cao nh\u01b0 d\u1ea7u kh\u00ed, h\u00f3a ch\u1ea5t, c\u00f4ng nghi\u1ec7p gi\u1ea5y, \u2026<\/span><\/p>\n<p><b>TH\u00d4NG S\u1ed0 K\u1ef8 THU\u1eacT H\u1ed8P N\u00daT NH\u1ea4N CH\u1ed0NG CH\u00c1Y N\u1ed4 CTE2 SERIES<\/b><\/p>\n<table>\n<tbody>\n<tr>\n<td><b>Hazardous Area<\/b><\/td>\n<td><b>Gas<\/b><\/td>\n<td><b>Dust<\/b><\/td>\n<\/tr>\n<tr>\n<td><span style=\"font-weight: 400;\">Zones<\/span><\/td>\n<td><span style=\"font-weight: 400;\">1 &amp; 2<\/span><\/td>\n<td><span style=\"font-weight: 400;\">21 &amp; 22<\/span><\/td>\n<\/tr>\n<tr>\n<td><span style=\"font-weight: 400;\">Equipment Group\/Category<\/span><\/td>\n<td><span style=\"font-weight: 400;\">Ex II 2G<\/span><\/td>\n<td><span style=\"font-weight: 400;\">Ex\u00a0II 2D<\/span><\/td>\n<\/tr>\n<tr>\n<td><span style=\"font-weight: 400;\">Symbol of Protection<\/span><\/td>\n<td><span style=\"font-weight: 400;\">Ex de IIC T6 Gb<\/span><\/td>\n<td><span style=\"font-weight: 400;\">Ex tb IIIC T80oC IP65<\/span><\/td>\n<\/tr>\n<tr>\n<td><span style=\"font-weight: 400;\">Conformity to Standards<\/span><\/td>\n<td colspan=\"2\"><span style=\"font-weight: 400;\">EN 60079-0:2012+A11:2013, EN 60079-1:2007, EN 60079-7:2007, EN 60079-31:2014<\/span><\/td>\n<\/tr>\n<tr>\n<td><span style=\"font-weight: 400;\">Ambient Temperature<\/span><\/td>\n<td colspan=\"2\"><span style=\"font-weight: 400;\">-20\u00a0oC to +55\u00a0oC\u00a0<\/span><\/td>\n<\/tr>\n<tr>\n<td><span style=\"font-weight: 400;\">Index of Protection<\/span><\/td>\n<td colspan=\"2\"><span style=\"font-weight: 400;\">IP65<\/span><\/td>\n<\/tr>\n<tr>\n<td colspan=\"3\"><span style=\"font-weight: 400;\">\u00a0<\/span><\/td>\n<\/tr>\n<tr>\n<td><span style=\"font-weight: 400;\">Entries<\/span><\/td>\n<td colspan=\"2\"><span style=\"font-weight: 400;\">\u00d81\/2\u201d to \u00d81\u201d NPT (M20x1.5 to M32x1.5)<\/span><\/td>\n<\/tr>\n<tr>\n<td><span style=\"font-weight: 400;\">Mounting<\/span><\/td>\n<td colspan=\"2\"><span style=\"font-weight: 400;\">Wall type<\/span><\/td>\n<\/tr>\n<\/tbody>\n<\/table>\n<p><b>TH\u00d4NG S\u1ed0 V\u1eacT LI\u1ec6U H\u1ed8P N\u00daT NH\u1ea4N CH\u1ed0NG CH\u00c1Y N\u1ed4 CTE2 SERIES<\/b><\/p>\n<table>\n<tbody>\n<tr>\n<td><span style=\"font-weight: 400;\">Housing material\u00a0<\/span><\/td>\n<td><span style=\"font-weight: 400;\">:<\/span><\/td>\n<td><span style=\"font-weight: 400;\">Marine grade copper-free aluminium alloy with polyester powder coated, RAL 7032 (Grey)<\/span><\/td>\n<\/tr>\n<tr>\n<td><span style=\"font-weight: 400;\">Sealing gasket<\/span><\/td>\n<td><span style=\"font-weight: 400;\">:\u00a0<\/span><\/td>\n<td><span style=\"font-weight: 400;\">Silicone -40\u00a0oC to +175\u00a0oC<\/span><\/td>\n<\/tr>\n<tr>\n<td><span style=\"font-weight: 400;\">Bolts, nuts<\/span><\/td>\n<td><span style=\"font-weight: 400;\">:\u00a0<\/span><\/td>\n<td><span style=\"font-weight: 400;\">Stainless steel<\/span><\/td>\n<\/tr>\n<\/tbody>\n<\/table>\n<p><b>QUY C\u00c1CH H\u1ed8P N\u00daT NH\u1ea4N CH\u1ed0NG CH\u00c1Y N\u1ed4 CTE2 SERIES<\/b><\/p>\n<figure id=\"attachment_962\" aria-describedby=\"caption-attachment-962\" style=\"width: 847px\" class=\"wp-caption aligncenter\"><img loading=\"lazy\" decoding=\"async\" class=\"wp-image-962 size-large\" src=\"https:\/\/demo8.thuythu.com\/santex\/wp-content\/uploads\/2022\/12\/den-tin-hieu-6-1024x1016.jpg\" alt=\"\" width=\"847\" height=\"840\" srcset=\"https:\/\/demo8.thuythu.com\/santex\/wp-content\/uploads\/2022\/12\/den-tin-hieu-6-1024x1016.jpg 1024w, https:\/\/demo8.thuythu.com\/santex\/wp-content\/uploads\/2022\/12\/den-tin-hieu-6-300x298.jpg 300w, https:\/\/demo8.thuythu.com\/santex\/wp-content\/uploads\/2022\/12\/den-tin-hieu-6-150x150.jpg 150w, https:\/\/demo8.thuythu.com\/santex\/wp-content\/uploads\/2022\/12\/den-tin-hieu-6-768x762.jpg 768w, https:\/\/demo8.thuythu.com\/santex\/wp-content\/uploads\/2022\/12\/den-tin-hieu-6-770x764.jpg 770w, https:\/\/demo8.thuythu.com\/santex\/wp-content\/uploads\/2022\/12\/den-tin-hieu-6-600x595.jpg 600w, https:\/\/demo8.thuythu.com\/santex\/wp-content\/uploads\/2022\/12\/den-tin-hieu-6-100x100.jpg 100w, https:\/\/demo8.thuythu.com\/santex\/wp-content\/uploads\/2022\/12\/den-tin-hieu-6.jpg 1367w\" sizes=\"(max-width: 847px) 100vw, 847px\" \/><figcaption id=\"caption-attachment-962\" class=\"wp-caption-text\">Quy c\u00e1ch h\u1ed9p n\u00fat nh\u1ea5n ch\u1ed1ng ch\u00e1y n\u1ed5 (Explosion proof Control Station) CTE2 series<\/figcaption><\/figure>\n<p><a href=\"https:\/\/file.hstatic.net\/1000149233\/file\/_epl__epbl__esl__eks__eem_series_-_control_station__rectangular_shape__8d23ed57ec74439f926f6eb096c283a3.pdf\"><span style=\"font-weight: 400;\">Download catalogue.\u00a0<\/span><\/a><\/p>\n<p><span style=\"font-weight: 400;\">\u00a0\u0110\u1ec3 bi\u1ebft r\u00f5 h\u01a1n ho\u1eb7c c\u1ea7n t\u01b0 v\u1ea5n v\u1ec1\u00a0<\/span><a href=\"http:\/\/makgil.com\/products\/alloy-industry-co-ltd-have-grown-and-prospered-alongside-thailand-s-expeditious-industrial-expansion-for-more-than-40-years-alloy-industry-co-ltd-initially-manufactured-the-lighting-fixtures-junction-boxes-and-co\"><i><span style=\"font-weight: 400;\">thi\u1ebft b\u1ecb \u0111i\u1ec7n &amp; ph\u1ee5 ki\u1ec7n ch\u1ed1ng ch\u00e1y n\u1ed5<\/span><\/i><\/a><span style=\"font-weight: 400;\">, qu\u00fd kh\u00e1ch h\u00e0ng vui l\u00f2ng li\u00ean h\u1ec7 theo th\u00f4ng tin d\u01b0\u1edbi \u0111\u00e2y:<\/span><\/p>\n<p><b>C\u00d4NG TY TNHH SANTEX\u00a0<\/b><\/p>\n<p><span style=\"font-weight: 400;\">\u0110\u1ecba ch\u1ec9: 18\/21 Nguy\u1ec5n V\u0103n Dung, P.6, Q. G\u00f2 V\u1ea5p, TP. H\u1ed3 Ch\u00ed Minh<\/span><\/p>\n<p><span style=\"font-weight: 400;\">\u0110i\u1ec7n tho\u1ea1i: 02866572704\u00a0 Website:\u00a0<\/span><a href=\"http:\/\/santex.com.vn\/\"><span style=\"font-weight: 400;\">http:\/\/santex.com.vn\/<\/span><\/a><span style=\"font-weight: 400;\">\u00a0 \u00a0 \u00a0Email: <\/span><a href=\"mailto:info@santex.com\"><span style=\"font-weight: 400;\">info@santex.com<\/span><\/a><span style=\"font-weight: 400;\">.vn<\/span><\/p>\n","protected":false},"excerpt":{"rendered":"<p><span style=\"font-weight: 400;\">CTE2 series l\u00e0 H\u1ed9p n\u00fat nh\u1ea5n ch\u1ed1ng ch\u00e1y n\u1ed5 (Explosion proof Control Station) h\u00e3ng Alloy\/Thailand, \u0111\u01b0\u1ee3c s\u1eed d\u1ee5ng \u0111\u1ec3 \u0111i\u1ec1u khi\u1ec3n c\u00e1c thi\u1ebft b\u1ecb nh\u01b0 b\u01a1m, m\u00e1y n\u00e9n kh\u00ed, \u0111\u00e8n chi\u1ebfu s\u00e1ng,\u2026, ph\u00f9 h\u1ee3p cho zone 1&amp;2, 21&amp;22, \u0111\u1ea1t chu\u1ea9n Ex de IIC T6 Gb<\/span><\/p>\n","protected":false},"featured_media":960,"comment_status":"open","ping_status":"closed","template":"","meta":[],"product_cat":[68],"product_tag":[],"acf":[],"_links":{"self":[{"href":"https:\/\/demo8.thuythu.com\/santex\/wp-json\/wp\/v2\/product\/959"}],"collection":[{"href":"https:\/\/demo8.thuythu.com\/santex\/wp-json\/wp\/v2\/product"}],"about":[{"href":"https:\/\/demo8.thuythu.com\/santex\/wp-json\/wp\/v2\/types\/product"}],"replies":[{"embeddable":true,"href":"https:\/\/demo8.thuythu.com\/santex\/wp-json\/wp\/v2\/comments?post=959"}],"wp:featuredmedia":[{"embeddable":true,"href":"https:\/\/demo8.thuythu.com\/santex\/wp-json\/wp\/v2\/media\/960"}],"wp:attachment":[{"href":"https:\/\/demo8.thuythu.com\/santex\/wp-json\/wp\/v2\/media?parent=959"}],"wp:term":[{"taxonomy":"product_cat","embeddable":true,"href":"https:\/\/demo8.thuythu.com\/santex\/wp-json\/wp\/v2\/product_cat?post=959"},{"taxonomy":"product_tag","embeddable":true,"href":"https:\/\/demo8.thuythu.com\/santex\/wp-json\/wp\/v2\/product_tag?post=959"}],"curies":[{"name":"wp","href":"https:\/\/api.w.org\/{rel}","templated":true}]}}